In base 3, what is -220220222011012122 - -11?
-220220222011012111
In base 3, what is 1101121020001 - 2110?
1101121010121
In base 5, what is -2003322 - 3?
-2003330
In base 11, what is -4381a75 + -6?
-4381a80
In base 16, what is -63 + e2995c?
e298f9
In base 10, what is -64192 + 1557?
-62635
In base 12, what is -275ba + -99?
-27697
In base 7, what is 62054 - 102?
61652
In base 12, what is -36 + -152109?
-152143
In base 14, what is 4 - -59c6d9?
59c6dd
In base 7, what is 1 - 14142306?
-14142305
In base 3, what is -11 - -10101110220102122?
10101110220102111
In base 4, what is 2213021013 + -3102?
2213011311
In base 5, what is 12020 - -12144?
24214
In base 10, what is 764 - 444141?
-443377
In base 11, what is 46 + 111719?
111764
In base 5, what is -432 + 32231?
31244
In base 8, what is 70340 + 534?
71074
In base 4, what is 12 - -1122022311020?
1122022311032
In base 14, what is 2b9c6 - -264?
2bc4a
In base 5, what is 22202 + 1244103?
1321310
In base 4, what is -13033200322111 - -10?
-13033200322101
In base 14, what is 7a + 43d57?
43dd3
In base 6, what is 5 - 12531433?
-12531424
In base 8, what is -16103 + 37223?
21120
In base 15, what is 176 + 11358?
114ce
In base 6, what is -1340050454230 + 2?
-1340050454224
In base 16, what is -9cc25 + 1dc?
-9ca49
In base 4, what is -120002110 + 10032?
-113332012
In base 6, what is -1404314410 + 0?
-1404314410
In base 6, what is 245321514135 + 4?
245321514143
In base 4, what is -3210123 - -120102?
-3030021
In base 13, what is -1283 - -79?
-1207
In base 6, what is -121501 + -4130?
-130031
In base 5, what is 340430142012 + 4?
340430142021
In base 8, what is 5630 + -227114?
-221264
In base 10, what is 106192 - -105?
106297
In base 11, what is 8411579 + 3?
8411581
In base 2, what is -100 + -1010110100110001010010?
-1010110100110001010110
In base 10, what is 1 - 101462259?
-101462258
In base 7, what is 256104 + -351?
255423
In base 2, what is 11 - -10110010010111110011000?
10110010010111110011011
In base 12, what is -285082 + 11?
-285071
In base 9, what is -57 - -387165?
387107
In base 7, what is 4 - 12365334?
-12365330
In base 14, what is -6bc74b - -16?
-6bc735
In base 7, what is -20332 - -3213?
-14116
In base 10, what is 124 + -173637?
-173513
In base 10, what is -56481 + 927?
-55554
In base 16, what is -255 - b5dd?
-b832
In base 2, what is 1110001000011101100000 + 1?
1110001000011101100001
In base 11, what is 55a96 - -443?
56429
In base 12, what is 70776 + -42?
70734
In base 16, what is 4 - -103e944?
103e948
In base 6, what is -3 - 1102132310?
-1102132313
In base 16, what is 142f56 - -29?
142f7f
In base 3, what is 20121220011020 + 1022?
20121220012112
In base 10, what is -1046 + 37947?
36901
In base 13, what is 7ab + 535b1?
5408c
In base 14, what is -11b764 + 1b?
-11b747
In base 11, what is -1a69989 - 3?
-1a69991
In base 6, what is -32052 - 13240?
-45332
In base 6, what is 1420420 + -1?
1420415
In base 4, what is -1030232 + -221033013?
-222123311
In base 13, what is 1c + -229690b?
-22968bc
In base 7, what is 265126164 + -20?
265126144
In base 7, what is -331 + 35611?
35250
In base 8, what is -557340 + 512?
-556626
In base 4, what is 20 + -1332010300202?
-1332010300122
In base 7, what is 14451305 + -25?
14451250
In base 9, what is -12012655 - -11?
-12012644
In base 16, what is -53 + dfb227?
dfb1d4
In base 13, what is -19429456 - -1?
-19429455
In base 9, what is 1 - -30584572?
30584573
In base 14, what is -21c + 772b1?
77093
In base 8, what is -1513316 - 424?
-1513742
In base 9, what is -14572884 - 3?
-14572887
In base 2, what is -11000001110111000110001 - 11?
-11000001110111000110100
In base 10, what is -479227 + 147?
-479080
In base 2, what is -1101111111111 - 1011000011010?
-11001000011001
In base 11, what is -10 - 11a25149?
-11a25159
In base 8, what is -2 + 4633112?
4633110
In base 7, what is -5 + -30461530?
-30461535
In base 3, what is -1022222101221 - -1211?
-1022222100010
In base 4, what is 333222001 + 22300?
333310301
In base 3, what is 2012020020120020002 - -10?
2012020020120020012
In base 7, what is -10430 - 644?
-11404
In base 5, what is -2111043 + 1322?
-2104221
In base 10, what is 1508372 + 5?
1508377
In base 10, what is 6004505 + -45?
6004460
In base 4, what is -21 - -3332111123?
3332111102
In base 16, what is 1fa5f6 - -49?
1fa63f
In base 9, what is 215805717 - -4?
215805722
In base 7, what is -116410 + 125?
-116252
In base 16, what is -9 - -2a2199?
2a2190
In base 2, what is 1010100 - 110110010111111111?
-110110010110101011
In base 2, what is -11011 + 110101110101110001101?
110101110101101110010
In base 11, what is -1430 - -3828?
23a8
In base 10, what is 2054600 - 15?
2054585
In base 3, what is 102122021220 - -1122?
102122100112
In base 10, what is -2190775 + 30?
-2190745
In base 6, what is -12 - 113054341?
-113054353
In base 5, what is -1123 + 2312140243?
2312134120
In base 10, what is -3 - -8325942?
8325939
In base 11, what is 2 + -11057687?
-11057685
In base 16, what is -f5bf332 - 1?
-f5bf333
In base 3, what is 20112211000 + -1000012?
20111210211
In base 7, what is 3062044463 + 5?
3062044501
In base 10, what is -18098 - 1535?
-19633
In base 5, what is 1303340400 + 10?
1303340410
In base 7, what is -325 - -315624?
315266
In base 10, what is 2815 - 933?
1882
In base 15, what is 0 - 8b22848?
-8b22848
In base 3, what is -1111222200 + -101?
-1112000001
In base 6, what is 110 - 53330235?
-53330125
In base 3, what is 202010022 - 2110?
202000212
In base 5, what is -12441 + -32312?
-100303
In base 4, what is 32220 - 103031321?
-102333101
In base 3, what is -2 - -11021021200021?
11021021200012
In base 11, what is -12 - 4341199?
-4341200
In base 4, what is 11000001012 + 111?
11000001123
In base 7, what is -20000060 - 23?
-20000113
In base 8, what is 576 + -77337?
-76541
In base 9, what is 67187235 - 0?
67187235
In base 6, what is -20452 - 45230?
-110122
In base 13, what is 8919a + -91?
89109
In base 15, what is -159 - 3cbb0c?
-3cbc66
In base 4, what is -31 + 20301012?
20300321
In base 10, what is 558737 + 35?
558772
In base 10, what is -2520 - -147506?
144986
In base 16, what is 190 + 692c7?
69457
In base 15, what is -d90 - 1316?
-21a6
In base 8, what is -23434210 - -21?
-23434167
In base 4, what is 21010223 + -122310?
20221313
In base 7, what is 2455310 - 2441?
2452536
In base 2, what is -100000110001111 + -100011011000?
-100101001100111
In base 9, what is 11 - -226002528?
226002540
In base 3, what is -2 - 200201111000122101?
-200201111000122110
In base 8, what is -610132 - -523?
-607407
In base 2, what is 111010110000001100110 + -110?
111010110000001100000
In base 12, what is -33 - -7409a79?
7409a46
In base 9, what is 4 + 500363840?
500363844
In base 7, what is -13622 - 62055?
-106010
In base 8, what is -10353065 + 1?
-10353064
In base 12, what is -19aa + -18b?
-1b79
In base 11, what is -5 - 2a80a84?
-2a80a89
In base 14, what is 1042 - 12d4?
-292
In base 8, what is -345554 + 4565?
-340767
In base 10, what is 9 + 5765145?
5765154
In base 7, what is 56 - 2016341?
-2016252
In base 7, what is -10463 + -54?
-10550
In base 13, what is 0 + 68b7308?
68b7308
In base 6, what is -32121505511 - -4?
-32121505503
In base 2, what is -11111111000100111000110 + -100?
-11111111000100111001010
In base 3, what is 2002 - 11210211210?
-11210202201
In base 13, what is 96b75 + -9?
96b69
In base 10, what is -7375491 - -2?
-7375489
In base 12, what is -5b - -33b9a8?
33b949
In base 5, what is -411030140 - 1?
-411030141
In base 2, what is 1100001001110011111 + -10110?
1100001001110001001
In base 13, what is 10071 - 3075?
9cc9
In base 8, what is 317 - 417517?
-417200
In base 9, what is -14450 - -2?
-14447
In base 2, what is 110000 - 101011101100011010000?
-101011101100010100000
In base 7, what is 421155 - -111?
421266
In base 5, what is -311040023 + -10120?
-311100143
In base 8, what is -165657 + -764?
-166643
In base 12, what is -2332 - -1734?
-7ba
In base 13, what is 3 - 2214c7?
-2214c4
In base 4, what is -322013 + -103331231?
-110313310
In base 7, what is -10 - -22242?
22232
In base 4, what is 22313311 + -13200?
22300111
In base 8, what is 37 + 14264707?
14264746
In base 7, what is -3162120 - -200?
-3161620
In base 5, what is -11314204133 + -3?
-11314204141
In base 7, what is 1101146 - -155?
1101334
In base 3, what is 200210112010020 